 k(10).
11
Suppose 0 = -7*n + 3*n + 232. Let i(r) = -2*r**3 - 13*r**2 + 2*r - 6. Calculate the remainder when i(-8) is divided by n.
54
Suppose -17*p + 37 = -31. Let c(v) = -v**2 + 5*v + 2. Let d = 15 + 1. What is the remainder when d is divided by c(p)?
4
Calculate the remainder when 679 is divided by ((-464)/(-12))/(288/216).
12
Suppose -4*n = -8*n, 5*p - 2*n - 50 = 0. Calculate the remainder when (10/4)/(285/18639)*4/6 is divided by p.
9
What is the remainder when 796 is divided by 3/(-15)*1 + 1001/5?
196
Let k(m) = 20*m**2 + 31*m - 760. What is the remainder when k(-27) is divided by 86?
83
What is the remainder when ((-65)/(-26))/(28/3248) is divided by 274?
16
Let v = 74 + -81. Calculate the remainder when -51*v/(126/24) is divided by 6.
2
What is the remainder when 44/352*14576/6 + 8/6 is divided by 51?
50
Let c(h) = -h**3 - 8*h**2 - 4*h + 63. Suppose 4*a = 137 + 19. Let d = 162 - a. What is the remainder when d is divided by c(-7)?
39
Let g(o) = 2*o**2 - 2*o + 13. Suppose 0 = -2*n - 34 + 48. Calculate the remainder when g(n) is divided by 39.
19
Calculate the remainder when 246 is divided by 375/3500*7/6 + 999/8.
121
Let k(y) = -y**3 + 24*y**2 + 159*y - 2775. Calculate the remainder when 6/4*(-1 + 27) is divided by k(26).
4
Let m(v) = -v**2 - 11*v + 3. Let u = 6 + 12. Suppose 6*n + u = 3*n. What is the remainder when m(n) is divided by 5?
3
Let j(m) = m**2 + 15*m + 17. Let i be j(-14). Let u be (-1)/i - 2618/(-33). Let r = u - 73. What is the remainder when 15 is divided by r?
3
Suppose -2*n + 9*n = 28. Suppose n*l - 295 = -5*p, -l + 335 = 4*l - 5*p. Calculate the remainder when 136 is divided by l.
66
Let i = 184 + -126. What is the remainder when i is divided by 19 + -2 - (-324)/(164 + -83)?
16
Suppose -31*b - 38*b = -55*b - 210. Suppose 0 = 5*t - 2*t - 1521. Calculate the remainder when t is divided by b.
12
Let v(z) = -4*z - 136. Let o be v(-37). What is the remainder when ((-189)/(-45))/(o/100) is divided by 24?
11
Let r = 114 - 400. Let n be 1/(-4 - (-1334)/334). Let k = n - r. Calculate the remainder when k is divided by 24.
23
Suppose 5*k - s - 447 = 0, -2*k - 438 = -7*k + 4*s. Suppose -7*j - 2*j = -k. Suppose 0 = 12*g - j*g - 54. Calculate the remainder when 52 is divided by g.
25
Let b(k) = 597*k**3 - 2*k**2 - k + 1. Calculate the remainder when b(1) is divided by 570.
25
Suppose 5*i - 4*t - 881 - 471 = 0, -3*t - 9 = 0. Calculate the remainder when i is divided by 78.
34
Suppose f - 306 = -258. Let t = -48 - -59. What is the remainder when f is divided by t?
4
Let q(s) = -11*s + 247. Calculate the remainder when 256 is divided by q(15).
10
Suppose -13*z = 228*z - 36150. Calculate the remainder when 298 is divided by z.
148
Suppose 5*z = 3*u - 3736 + 36, -2*z = -4*u + 4924. What is the remainder when u is divided by 22?
20
Suppose -4*j + 582 + 58 = 0. Let h = j - 123. What is the remainder when h is divided by ((-1)/1)/((-1)/13)?
11
Suppose -2*u - 2*p = 8, 4*u - 12*p - p - 137 = 0. Suppose -f - y + 211 = 0, -5*f - 3*y + 1051 = -0*y. Calculate the remainder when f is divided by u.
4
Let w be ((-48)/60)/((-3)/15). Let z = -3 + 7. Suppose 0 = -z*k + w, -14 = -x - 3*k - 0*k. Calculate the remainder when x is divided by 7.
4
Let a = -60 - -90. Let x be (10 - -296)*(-4)/6. Let t = x + 321. Calculate the remainder when t is divided by a.
27
Suppose 36*z - 152 = 28*z. Let b(n) = n**2 - 5*n - 14. Calculate the remainder when b(10) is divided by z.
17
Let r(d) = -5*d**3 + 249*d**2 + 49*d + 90. Let l(x) = -5*x**3 - 7*x**2 - 7*x - 7. What is the remainder when l(-5) is divided by r(50)?
38
Let k = 45036 - 44861. What is the remainder when k is divided by (0 + 1)/(3/135)?
40
Let i(w) = -w**2 + 17*w - 10. Let z be i(16). Let s(b) = 5*b**2 - 29*b + 14. Calculate the remainder when 98 is divided by s(z).
18
Suppose -125*l + 2074 + 20426 = 0. What is the remainder when l is divided by 4?
0
Suppose -1905 = -2*s + 887. Suppose -l = -3*m - 480, 3*l + m = -m + s. What is the remainder when l is divided by 10?
8
Let o be (6/4)/(24/64). Suppose -l + 2*t = 5*t - 5, -o*l + t = -20. Suppose 42*p = 74 + 1312. What is the remainder when p is divided by l?
3
Let c be 45/(-10)*(3 - (-21)/9). Suppose -2*f - 3*l = -0*f - 33, -4*f + 2*l = -26. What is the remainder when f is divided by -2 + (2 - (c/(-4))/(-2))?
0
Suppose 103*f - 12324 = 20842. Calculate the remainder when f is divided by 4.
2
Let p(z) = -z**3 - 28*z**2 - 142*z + 132. Suppose -2*s - 16 = -4*s. Calculate the remainder when p(-21) is divided by s.
3
Let l be 10/(-30) + 32/24. Let r(h) = -54*h + 8. Let g(t) = -163*t + 23. Let z(p) = -6*g(p) + 17*r(p). Calculate the remainder when z(l) is divided by 30.
28
Let i be 10/(-40)*-16*(-118)/(-4). Suppose 0 = -3*c + 3, -3*m - 2 = -4*c - i. What is the remainder when 918 is divided by m?
38
Let y = 6 + 11. Let a(v) = 36*v + 3. Let j be a(1). Suppose 3*t + 0*h - 141 = 3*h, 5*h + j = t. What is the remainder when t is divided by y?
15
Suppose 166*i - 176*i = -220. Suppose -3*z - i*z + 2475 = 0. Calculate the remainder when z is divided by 43.
13
What is the remainder when (0 - -3)*(-2)/3 + 594 is divided by 2*2/(-18)*6579/(-86)?
14
Let w be (6 - 8) + 22/2. Suppose 0 = 13*m - w*m - 340. Calculate the remainder when m is divided by 44.
41
Let k(i) = 9*i**2 - 13*i + 15. Calculate the remainder when k(4) is divided by 33.
8
Calculate the remainder when 8/(32/404) + -10 is divided by 51.
40
Calculate the remainder when (37/4)/(11/(-22))*(3 - 47) is divided by 16.
14
Suppose -4*q = 2*y - y - 57, 5*y - 170 = 3*q. Suppose 5*o = 25, -8*o = -3*b - 3*o - y. What is the remainder when b*((-30)/12 - 2/(-4)) is divided by 2?
0
Let k(d) = 11*d + 85. Calculate the remainder when 132 is divided by k(3).
14
Suppose -66 = -2*s - 4*w, -5*w = -5*s + 208 - 58. Let c(f) = f**2 + 16*f + 25. What is the remainder when c(-18) is divided by s?
30
What is the remainder when (25/5)/15*3 + 2994 is divided by 37?
35
Suppose -4*m - 38 = 18. Let z = m + 20. Let g = -70 - -111. Calculate the remainder when g is divided by z.
5
Let p = 20397 - 19572. Calculate the remainder when 1657 is divided by p.
7
Suppose 3*f + 4*z = 0, 3*f = 4*z + 25 - 1. Suppose -26*s = -f*s - 462. Calculate the remainder when 104 is divided by s.
20
Let b = 373 - 364. Suppose -120 = -d - b*d. What is the remainder when 75 is divided by d?
3
Suppose 4*i = -2*x + 58 - 32, 5*i - 37 = -x. What is the remainder when 80 is divided by i?
0
Suppose 2*b + 5*b = 22*b - 9930. Calculate the remainder when b is divided by 92.
18
Let d(k) = k**2 + 2*k - 3. Let f be d(-3). Suppose f = 5*l - 3*l + 3*t + 45, 4*l = -t - 95. Let w = l + 42. What is the remainder when w is divided by 11?
7
Suppose -71 = -3*s - 77. Calculate the remainder when 48 is divided by 280/100 - s/10.
0
Let o = -39 + 58. Let x = o + -10. Suppose -2*c = 2*c - 128. What is the remainder when c is divided by x?
5
Let g be ((2/3)/1)/((-3)/(-351)). Let q(n) = -3*n + g*n**3 - 2*n**2 + 9 + 4*n**2 - 5*n**2 - 77*n**3. What is the remainder when q(6) is divided by 25?
24
Let z(f) = 4*f**3 + 4*f**2 + 3*f - 8. Calculate the remainder when z(4) is divided by (2 - 36/15)*-5 + (21 - -32).
49
Suppose -j - 9 = 3*a, 2*j + 5*a = -6 - 9. Let d(t) = -37*t + 48. Suppose 0 = 2*l, -3*q - q = -5*l - 100. Calculate the remainder when d(j) is divided by q.
23
Let s(x) = -10 - 5*x - 3 - 5*x + 2. Let j be s(-8). Let t = 73 - j. Calculate the remainder when 31 is divided by t.
3
Let g = -3340 + 3471. Calculate the remainder when g is divided by 19.
17
Calculate the remainder when 11746 is divided by 16 + -580*(-15)/75.
130
Suppose -19*g = -37 - 39. Suppose 2*k = l - k - 15, 36 = g*l - 4*k. Calculate the remainder when l is divided by 4.
2
Let i(o) = -o**2 - 190*o + 4709. What is the remainder when i(22) is divided by (8*-1)/(4/(-6))?
9
Suppose 3*d + 24 = 11*d. Suppose -7*u + d*u + 196 = 0. Suppose 3*p = 10*p - u. What is the remainder when 17 is divided by p?
3
Let r(w) be the first derivative of -w**3/3 - 8*w**2 + 19*w - 22. What is the remainder when r(-8) is divided by 22?
17
Let m(w) = -13*w + 468. Let f be m(17). Suppose -4*l + 3*l = -152. Let i = f - l. Calculate the remainder when i is divided by 24.
23
Suppose 0 = 3*q - 4*g - 1320, 15*q - 12*q - 1320 = -g. Calculate the remainder